33984501?
False
Does 321 divide 24504177?
True
Is 77720728 a multiple of 211?
False
Is 1576 a factor of 776931112?
False
Is 4 a factor of 107688950?
False
Is 46339487 a multiple of 207?
False
Does 52 divide 32722188?
False
Does 28 divide 581416847?
False
Is 310649001 a multiple of 807?
True
Does 61 divide 5299591?
False
Is 224749 a multiple of 5?
False
Does 1410 divide 11171430?
True
Does 229 divide 36114674?
True
Is 3 a factor of 44248265?
False
Is 1059860953 a multiple of 961?
True
Does 896 divide 147512960?
True
Does 31 divide 55022039?
False
Is 25548622 a multiple of 1243?
True
Does 7 divide 13297648?
True
Is 1022 a factor of 231983073?
False
Does 19 divide 1420559?
False
Is 805751804 a multiple of 2284?
True
Does 22 divide 74930136?
False
Is 38 a factor of 22642888?
False
Is 2617518697 a multiple of 83?
False
Does 8 divide 916405472?
True
Is 1382 a factor of 11750560?
False
Is 880 a factor of 990000?
True
Is 7 a factor of 1044708455?
True
Is 102 a factor of 261126834?
True
Is 630 a factor of 41724270?
True
Is 17 a factor of 81218724?
True
Is 260 a factor of 25112620?
True
Is 1574 a factor of 179992643?
False
Does 2117 divide 178597674?
False
Is 13 a factor of 3249096?
False
Does 6 divide 1533150390?
True
Is 2598 a factor of 191097309?
False
Does 171 divide 44195514?
False
Is 3282484296 a multiple of 4056?
True
Is 53 a factor of 23893513?
True
Is 3650 a factor of 2470248980?
False
Does 82 divide 47377617?
False
Is 20 a factor of 628823940?
True
Is 1810 a factor of 3723170?
True
Is 27705986 a multiple of 30?
False
Is 753652481 a multiple of 320?
False
Does 296 divide 50610439?
False
Does 13 divide 48168078?
False
Does 189 divide 25096176?
True
Is 193 a factor of 7919609?
False
Is 13522213 a multiple of 519?
False
Is 29 a factor of 290847612?
True
Does 8 divide 105023204?
False
Does 8938 divide 1027074518?
True
Does 11 divide 47779411?
False
Is 726925429 a multiple of 646?
False
Is 58122162 a multiple of 426?
True
Is 466027666 a multiple of 1318?
True
Is 989775504 a multiple of 432?
True
Is 462834345 a multiple of 87?
True
Does 749 divide 23700607?
True
Is 3492151 a multiple of 94?
False
Does 39 divide 610447395?
False
Is 2655920688 a multiple of 24?
True
Is 56 a factor of 18102227?
False
Does 102 divide 13901478?
True
Is 2 a factor of 69704841?
False
Is 329182411 a multiple of 115?
False
Is 52658316 a multiple of 129?
True
Does 1381 divide 52091320?
True
Is 95268238 a multiple of 34?
True
Is 83 a factor of 40537575?
False
Is 225 a factor of 7945435?
False
Is 83 a factor of 78327598?
True
Is 63896892 a multiple of 706?
False
Does 938 divide 290393544?
True
Is 231185524 a multiple of 100?
False
Does 6 divide 779802900?
True
Does 176 divide 983110020?
False
Is 10 a factor of 54937760?
True
Is 53 a factor of 879603211?
True
Is 27 a factor of 686826?
True
Is 37 a factor of 239904505?
False
Is 165 a factor of 268612718?
False
Does 458 divide 404555057?
False
Does 217 divide 6420924?
False
Is 7641282 a multiple of 11?
True
Does 477 divide 110901317?
False
Is 19044065 a multiple of 5?
True
Is 52 a factor of 785512?
True
Does 9 divide 184639661?
False
Does 12 divide 585297252?
True
Does 33 divide 316354233?
False
Is 113633660 a multiple of 259?
True
Does 14 divide 104506225?
False
Is 70475160 a multiple of 280?
True
Is 201 a factor of 363646587?
True
Does 4247 divide 34765942?
True
Is 1901 a factor of 53121803?
False
Is 12358316 a multiple of 292?
True
Does 21 divide 22515339?
True
Is 244999352 a multiple of 104?
True
Does 47 divide 2208687898?
False
Is 1862 a factor of 45345029?
False
Is 3034 a factor of 2628636362?
True
Is 3849 a factor of 167260215?
False
Is 1359 a factor of 856652783?
False
Is 98820811 a multiple of 778?
False
Is 3 a factor of 86204567?
False
Is 30 a factor of 47528280?
True
Does 37 divide 297564952?
True
Does 48 divide 65488416?
True
Is 20109360 a multiple of 1840?
True
Does 11 divide 2939535533?
True
Is 1445 a factor of 1321743303?
False
Does 15 divide 43623430?
False
Does 5 divide 97838880?
True
Is 3332589480 a multiple of 99?
True
Is 29451708 a multiple of 624?
False
Does 661 divide 142080628?
True
Is 310143879 a multiple of 848?
False
Is 243 a factor of 3692431899?
True
Does 10 divide 20883230?
True
Is 534069151 a multiple of 195?
False
Is 30 a factor of 372923520?
True
Does 13 divide 3229499?
True
Is 2262908 a multiple of 14?
False
Does 80 divide 2436882480?
True
Is 2730605363 a multiple of 59?
False
Is 357314652 a multiple of 5863?
False
Is 1192306837 a multiple of 2160?
False
Does 872 divide 389018402?
False
Does 9 divide 39270885?
False
Is 21 a factor of 33760272?
True
Is 72929766 a multiple of 182?
True
Is 19 a factor of 185437948?
True
Is 391195 a multiple of 12?
False
Is 2949270 a multiple of 6?
True
Is 123 a factor of 538410360?
True
Is 111517223 a multiple of 120?
False
Is 3826462450 a multiple of 204?
False
Does 38 divide 2490449?
False
Is 1961544619 a multiple of 12?
False
Does 3579 divide 1095848948?
False
Is 66 a factor of 103330128?
True
Is 28 a factor of 211913588?
False
Is 134 a factor of 506086912?
True
Does 35 divide 2522482690?
True
Is 79787515 a multiple of 10?
False
Is 11 a factor of 49737952?
True
Is 6 a factor of 239888682?
True
Is 24 a factor of 2582352?
True
Is 638422281 a multiple of 767?
False
Is 29418099 a multiple of 5?
False
Is 274 a factor of 23961026?
True
Does 3292 divide 54426636?
True
Is 14554237 a multiple of 3?
False
Does 25 divide 461385700?
True
Is 204 a factor of 81807264?
True
Is 104 a factor of 568095632?
True
Does 3261 divide 321812389?
False
Is 24319700 a multiple of 34?
False
Is 30094254 a multiple of 162?
True
Is 27 a factor of 63571392?
True
Does 28 divide 254376166?
False
Is 502 a factor of 223292612?
True
Does 1192 divide 1827266864?
True
Is 118602132 a multiple of 773?
False
Does 296 divide 4510287?
False
Is 275 a factor of 12127500?
True
Is 44161551 a multiple of 490?
False
Does 39 divide 10693839?
True
Does 1430 divide 167739768?
False
Is 447 a factor of 12051433?
False
Is 419 a factor of 2048420201?
False
Does 3595 divide 767916025?
False
Does 4 divide 5992191?
False
Does 117 divide 17746787?
False
Is 1332041272 a multiple of 172?
True
Is 377527718 a multiple of 555?
False
Is 122848969 a multiple of 48?
False
Is 1675 a factor of 1086032106?
False
Does 52 divide 32251128?
True
Is 293 a factor of 7019837?
False
Is 17 a factor of 64100761?
True
Is 6992381 a multiple of 29?
False
Is 516458077 a multiple of 457?
False
Is 304561264 a multiple of 112?
True
Is 454414793 a multiple of 308?
False
Is 340332720 a multiple of 2730?
True
Is 79 a factor of 1872063?
True
Does 436 divide 112336708?
True
Is 70 a factor of 390543090?
True
Is 154856774 a multiple of 10?
False
Is 134844683 a multiple of 4?
False
Is 13533 a factor of 91622941?
False
Does 9 divide 2275917759?
True
Is 16 a factor of 196951168?
True
Does 124 divide 103659660?
True
Is 2168488 a multiple of 56?
True
Is 15 a factor of 9709862?
False
Is 2058 a factor of 63232050?
True
Is 6413605 a multiple of 2?
False
Is 212881130 a multiple of 1330?
True
Is 37 a factor of 12833184?
False
Is 85 a factor of 3325455?
True
Is 5211 a factor of 156585339?
True
Does 14 divide 54259817?
False
Is 4074288 a multiple of 68?
True
Is 2308 a factor of 6196536864?
True
Is 280849759 a multiple of 959?
False
Is 86820365 a multiple of 673?
True
Does 650 divide 134763252?
False
Is 392825735 a multiple of 3?
False
Does 15 divide 4635240?
True
Is 1568 a factor of 3283277536?
True
Does 7559 divide 2724329251?
False
Does 608 divide 61830213?
False
Does 202 divide 12737033?
False
Is 7108 a factor of 253300688?
True
Does 76 divide 102354976?
True
Does 4845 divide 345550245?
True
Does 1216 divide 75832192?
True
Is 1260 a factor of 40689180?
True
Is 45 a factor of 94269339?
False
Is 18 a factor of 388126908?
True
Is 37640475 a multiple of 36?
False
Is 53 a factor of 35065503?
False
Is 72508566 a multiple of 703?
False
Is 64106105 a multiple of 2602?
False
Is 1848 a factor of 1774858008?
True
Is 132656207 a multiple of 4780?
False
Is 67519450 a multiple of 78?
False
Does 31 divide 1185471?
True
Is 11 a factor of 718004622?
False
Is 5467638 a multiple of 4478?
True
Is 2571 a factor of 42526911?
True
Does 564 divide 448625564?
False
Is 392 a factor of 57590